e remainder when q is divided by 30/40*(-1 + 3)*12?
14
Let z = 49 + -36. What is the remainder when z is divided by 4?
1
What is the remainder when 1 + (-98)/(1*-2) is divided by 10/55 - 1/11*-141?
11
Let u(o) = -o**2 + 9*o - 5. Suppose 0 = -4*v - 0*v - 16. Calculate the remainder when (-246)/(-15) + v/10 is divided by u(7).
7
Suppose -4*y + 4*a + 11 = a, 2*y + 4*a = 0. Suppose 75 = 5*t - 5*j, 4*j - y*j = -3*t + 55. What is the remainder when 127/4 - 7/(-28) is divided by t?
15
Let w(a) = -a + 39. Let g = 9 - -1. Calculate the remainder when w(-10) is divided by g.
9
Let m = 98 - 68. Calculate the remainder when 147 is divided by m.
27
Let m = -243 - -123. What is the remainder when ((-8)/10)/(4/m) is divided by 13?
11
Suppose 0 = 4*i - 6*i + 32. What is the remainder when 23 is divided by 0 + -3 + i - 0?
10
Let p = 114 - 38. Calculate the remainder when p is divided by 13.
11
Suppose 3*n + 115 = 5*m, 3*m + 23 = 4*m - 4*n. Calculate the remainder when 42 is divided by m.
19
Let z = 12 + -2. What is the remainder when 27 is divided by z?
7
Suppose 0 = 4*w - 40 + 8. What is the remainder when 21 is divided by w?
5
Let r(f) = f**3 - 6*f**2 - 5*f - 6. Suppose -4*h + h = -n - 13, -26 = -3*n - 4*h. Suppose n*a = -3*a + 35. What is the remainder when 15 is divided by r(a)?
7
What is the remainder when 84 is divided by 4 - (4 + -1) - -16?
16
Suppose -l - 6 = -15. What is the remainder when 51 is divided by l?
6
Let g be (-4)/(-6)*(6 + -3). What is the remainder when ((0 - -34)*1)/g is divided by 9?
8
Suppose 0 = d + 64 + 42. Let p(h) = -h**2 - 2*h + 2. Let v be p(-4). Calculate the remainder when d/(-3) - (-2)/v is divided by 18.
17
Suppose 5*l + 8 = -7. Calculate the remainder when 41 is divided by l/((-12)/4) - -20.
20
Let j(t) = 33*t**2 + t - 2. What is the remainder when j(1) is divided by 11?
10
Suppose -3*x - 147 = -4*r, r = -4*r + 5*x + 190. Calculate the remainder when r is divided by 12.
9
Let o(g) = g**3 + 7*g**2 + 7*g + 6. Let b be o(-6). Let v = b + 4. Calculate the remainder when 1 + 6/v*22 is divided by 18.
16
Let g be (-2)/(24/(-15) - -2). Let c = g - -8. Calculate the remainder when 3 is divided by c.
0
Let s be 0 + (6 - (-3)/(-3)). Suppose g - 4*x + s*x = -11, -3*g = x + 23. Calculate the remainder when (-4)/g*(-66)/(-2) is divided by 8.
6
Suppose -3*j - 2*g = -115, 4*j - 2*g = 80 + 92. What is the remainder when j is divided by 22?
19
Let h = 11 - 6. What is the remainder when 2/6 - 136/(-6) is divided by 32/h + 4/(-10)?
5
Let v = -16 + 27. Suppose -v = -g + 4. Calculate the remainder when 42 is divided by g.
12
Let i(x) = 9*x**2 - x - 1. Let w(s) = 4*s**2 - s + 1. Let j be w(1). What is the remainder when (-2)/j + 51/2 is divided by i(-1)?
7
Let x = 0 - -4. Let j be 3*(x/3 - 0). Suppose -6*v = -j*v - 14. Calculate the remainder when 13 is divided by v.
6
Let y(w) = w**2 - 9*w. What is the remainder when 39 is divided by y(10)?
9
Let o be -8 + 5 + (1 - -67). Calculate the remainder when 43 is divided by (-10)/o - 591/(-39).
13
Let y(l) = 3*l - 4. Let k be 2/(-1) + (-810)/(-5). Suppose 5*d - k = d. What is the remainder when d is divided by y(6)?
12
Let g(x) = x**3 - 5*x**2 + 2*x - 1. Let w be g(4). Let a = 29 + w. Suppose -2*h = 2*h - a. What is the remainder when h is divided by 4?
1
Suppose -2*m = 5*y - 355, -2*m - 4 = -14. What is the remainder when y is divided by 35?
34
Suppose 4*j + 20 = 4*b, 4*j = -0 + 8. Suppose b + 2 = 3*p. Calculate the remainder when 9 is divided by p.
0
Suppose -3*k + 8 = -7. Let d = k - 0. Suppose -d*v + 2*v = -5*i + 31, -2*i + 5*v = -1. Calculate the remainder when 29 is divided by i.
5
Let b(l) = -l**3 - l**2 + 2*l + 5. What is the remainder when (-68)/(-2) - (2 - 0) is divided by b(-3)?
15
Suppose 8*w = 5*w + 45. Calculate the remainder when 59 is divided by w.
14
Suppose 0*y + 2*y - 5*v - 32 = 0, 0 = -2*y + 3*v + 24. Suppose 0 = -3*p + 16 + 2. What is the remainder when 12/(-8)*(-64)/p is divided by y?
4
Suppose 361 = 2*z + 3*p, 4*z = 2*p - 7*p + 723. Suppose 5*v + z = 3*v. Let c = 127 + v. What is the remainder when c is divided by 13?
10
Let y = 0 - 8. What is the remainder when (-97)/(-4) - (-2)/y is divided by 13?
11
Suppose 0 = 2*r - r + 4*y - 8, 5*y = -5. Calculate the remainder when r is divided by ((-30)/9 + 1)*-3.
5
Suppose 0 = 3*y - 22 - 248. Calculate the remainder when y is divided by 23.
21
Let c(a) = 4*a - 4*a + 36 - a**3 + 0*a. What is the remainder when c(0) is divided by 19?
17
Let y = 4 + 3. Suppose -p + y*x = 2*x - 44, -4*x = 4*p - 200. Suppose -6*w + 3*w = -39. Calculate the remainder when p is divided by w.
10
Suppose 8 = -0*q + 2*q. Let v be 14/3 - q/(-12). Suppose 5 + 0 = v*u + 3*l, -5*u + 3*l + 5 = 0. Calculate the remainder when 1 is divided by u.
0
Calculate the remainder when ((-4)/3)/(2/(-18)*2) is divided by 4.
2
Suppose 2*m = 3*m - 25. Suppose -79 = -3*y - m. Calculate the remainder when y is divided by 10.
8
Let i(v) = 33*v - 5. What is the remainder when i(4) is divided by 32?
31
Let p = 4 - -5. Calculate the remainder when 25 is divided by p.
7
Suppose 3*u + 12 = 4*s - 2*u, 3*s + 3*u - 36 = 0. Calculate the remainder when (-24)/32 - (-494)/s is divided by 21.
19
Suppose 13 = 3*t - 23. Calculate the remainder when (-4 + 21)/((-2)/(-4)) is divided by t.
10
Let m(q) = -q**3 - 10*q**2 + 9*q + 9. Calculate the remainder when m(-11) is divided by 8.
7
Let q be 3*(0 + 48/9). Suppose -4*b = -0*b - q. What is the remainder when 7 is divided by b?
3
Let b(w) = -2*w**2 - 17*w. What is the remainder when b(-4) is divided by 20?
16
Suppose 0 = 2*v - 0*v + o - 141, 0 = 5*o + 5. Calculate the remainder when v is divided by 18.
17
Let p(w) = 39*w. Let s be (2 - 4)/((-1)/30). Suppose 0 = 3*t - 0*t - s. What is the remainder when p(1) is divided by t?
19
Suppose 7*d = 6*d + 65. What is the remainder when d is divided by (-2)/(-4) + 33/2?
14
Suppose -5*l + 5*y = -l, -y = l - 9. Suppose -69 = -l*n + 11. What is the remainder when 306/10 + (-3)/5 is divided by n?
14
Suppose 9*v = 5*v + 64. What is the remainder when 47 is divided by v?
15
Let h be 2/(-4)*(-12)/2. Suppose 4*s - 7 = -h. What is the remainder when 2 is divided by s?
0
What is the remainder when (-159)/(-3) - 2*-1 is divided by 15?
10
Let d(m) = 2*m**3 - 3*m**2 + 3*m - 2. Let h = 12 + -10. Calculate the remainder when d(h) is divided by 5.
3
Suppose -40 = -4*d - 2*b, -d + 4*b = 5*b - 11. Calculate the remainder when 15 is divided by d.
6
Suppose 0 = -0*t - 5*t. Let j(u) = -u**2 - u + 4. Let i be j(t). Suppose b + 45 = i*b. Calculate the remainder when 43 is divided by b.
13
Suppose -4*v = -50 - 26. Suppose 4*f = -5 + 245. What is the remainder when v is divided by f/8 + (-4)/8?
5
Let n(y) be the first derivative of 7*y**3/3 - y**2 + y - 2. Suppose 0 = 4*m - 4*c - 32, -3*c = -m - c + 12. Calculate the remainder when n(1) is divided by m.
2
Let w = 26 + -21. Suppose -w*n - 25 = 0, -l = 5*n - 16 - 1. What is the remainder when l is divided by 15?
12
Calculate the remainder when (-1)/(5/(-25)) - -46 is divided by 19.
13
Suppose -4*k + 16 = -0*k. Let p be 1*(k - 1)*1. Suppose p*s - 6*s + 4*t + 91 = 0, -5*s = t - 144. Calculate the remainder when s is divided by 10.
9
Let i(f) = f**2 + 8*f + 3. Let v be i(-8). Suppose -5*x = -p - 28, 2*p - 10 = -5*x - v*p. What is the remainder when 12 is divided by x?
2
Let u(r) = 7*r**3 - 5*r**2 - 19*r + 11. Let k(b) = -3*b**3 + 3*b**2 + 9*b - 6. Let j(v) = -5*k(v) - 2*u(v). What is the remainder when 5 is divided by j(6)?
1
Let r = -123 - -126. What is the remainder when 14 is divided by r?
2
Let u(r) = -r**2 + 8*r + 30. What is the remainder when u(10) is divided by 10?
0
Suppose 7*b - 3*b = 0. Suppose 3*k - 14 = -4*u - b*k, 0 = 4*u + 4*k - 12. Calculate the remainder when 8 is divided by u.
3
Let p = -159 + 113. Let y = p + 99. Calculate the remainder when y is divided by 14.
11
Suppose 2*r - 12 = 6*r. What is the remainder when (2 - -11) + (-4)/2 is divided by ((-1)/r)/((-2)/(-24))?
3
Let v be (-1 - (-1)/1)/1. Suppose 6*w - w - 115 = v. Calculate the remainder when 89 is divided by w.
20
Let x be (-1 - -61)*2/4. Let f be (-4)/(-18) + 64/36. Suppose x = d + f. Calculate the remainder when d is divided by 10.
8
Suppose 2*f = f - 10. Let m(t) = t**2 + 9*t - 6. Calculate the remainder when 1